{"id":816,"date":"2014-10-25T20:36:20","date_gmt":"2014-10-25T20:36:20","guid":{"rendered":"http:\/\/caftanger.aqarial.net\/?page_id=816"},"modified":"2022-05-05T03:17:26","modified_gmt":"2022-05-05T03:17:26","slug":"le-comite","status":"publish","type":"page","link":"https:\/\/caftanger.aqarial.org\/?page_id=816","title":{"rendered":"Le comit\u00e9"},"content":{"rendered":"<p style=\"text-align: center;\"><strong><span style=\"font-size: 14pt; color: #008000;\">L&rsquo;espace du comit\u00e9 de la section<\/span><\/strong><\/p>\n<div class=\"arconix-box arconix-box-lblue\"><i class='fa fa-2x pull-left fafa-info-circlefa-2x'><\/i><div class=\"arconix-box-content\">\n<p style=\"text-align: left\">Ces pages sont dot\u00e9es de fonctionnalit\u00e9s permettant au comit\u00e9 de mieux communiquer et collaborer avec les adh\u00e9rent de la section.<\/p>\n<\/div><\/div>\n<table style=\"border: none;\">\n<tbody>\n<tr>\n<td style=\"text-align: center; padding: 2px 2px 2px 2px;\" width=\"16%\"><a href=\"http:\/\/caftanger.aqarial.org\/?page_id=1864\"><img loading=\"lazy\" decoding=\"async\" src=\"http:\/\/caftanger.aqarial.org\/images\/annonce.png\" alt=\"annonces\" width=\"52\" height=\"75\" \/><\/a><\/td>\n<td style=\"text-align: left; padding: 2px 2px 2px 2px;\" width=\"80%\"><span style=\"color: #0000ff;\"><strong><a href=\"http:\/\/caftanger.aqarial.org\/?page_id=1864\">Annonces<\/a><br \/>\n<\/strong><\/span>Sur cette page figurent les annonces du comit\u00e9 concernant les activit\u00e9s et les \u00e9v\u00e9nements importants.<\/td>\n<\/tr>\n<\/tbody>\n<\/table>\n<table border=\"0\" summary=\"\" width=\"100%\">\n<tbody>\n<tr>\n<td style=\"text-align: center; padding: 2px 2px 2px 2px;\" width=\"16%\"><a href=\"http:\/\/caftanger.aqarial.org\/?page_id=1895\"><img loading=\"lazy\" decoding=\"async\" src=\"http:\/\/aqarial.org\/images\/program.png\" alt=\"\" width=\"60\" height=\"57\" border=\"0\" \/><\/a><\/td>\n<td style=\"text-align: left; padding: 2px 2px 2px 2px;\" width=\"80%\"><a href=\"http:\/\/caftanger.aqarial.org\/?page_id=1895\"><strong>Agenda<\/strong><\/a><br \/>\nSur cette page, vous pouvez consulter le calendrier des activit\u00e9s programm\u00e9es pour une p\u00e9riode d\u00e9termin\u00e9es avec tous les d\u00e9tails concernant chaqu\u2019une d&rsquo;elles. Vous pouvez aussi vous inscrire ou confirmer votre participation aux activit\u00e9s de votre choix.<\/td>\n<\/tr>\n<\/tbody>\n<\/table>\n<table border=\"0\" summary=\"\" width=\"100%\">\n<tbody>\n<tr>\n<td style=\"text-align: center; padding: 2px 2px 2px 2px;\" width=\"16%\"><a href=\"http:\/\/caftanger.aqarial.org\/?page_id=2245\"><img loading=\"lazy\" decoding=\"async\" class=\"alignnone  wp-image-2249\" src=\"http:\/\/caftanger.aqarial.org\/images\/email.png\" alt=\"email\" width=\"62\" height=\"53\" \/><\/a><\/td>\n<td style=\"text-align: left; padding: 2px 2px 2px 2px;\" width=\"80%\"><a href=\"http:\/\/caftanger.aqarial.org\/?page_id=2245\"><strong>Messagerie<\/strong><\/a><br \/>\nCette page est dot\u00e9e d&rsquo;un syst\u00e8me <span id=\"result_box\" class=\"\" lang=\"fr\"><span class=\"hps\">de messagerie priv\u00e9e<\/span> <span id=\"result_box\" class=\"short_text\" lang=\"fr\"><span class=\"hps alt-edited\">pleinement fonctionnel<\/span><\/span> et qui pourra \u00eatre utilis\u00e9 par tous les membres de la Section pour \u00e9changer des messages et des attachements entre eux<\/span>.<\/td>\n<\/tr>\n<\/tbody>\n<\/table>\n<table border=\"0\" summary=\"\" width=\"100%\">\n<tbody>\n<tr>\n<td style=\"text-align: center; padding: 2px 2px 2px 2px;\" width=\"16%\"><a href=\"http:\/\/caftanger.aqarial.org\/?page_id=1036\"><img loading=\"lazy\" decoding=\"async\" class=\"alignnone  wp-image-1047\" src=\"http:\/\/caftanger.aqarial.org\/images\/subscr.png\" alt=\"subscr\" width=\"75\" height=\"50\" \/><\/a><\/td>\n<td style=\"text-align: left; padding: 2px 2px 2px 2px;\" width=\"80%\"><a href=\"http:\/\/caftanger.aqarial.org\/?page_id=1036\"><strong>Inscription<\/strong><\/a><br \/>\nCette page est dot\u00e9e d&rsquo;un\u00a0syst\u00e8me d&rsquo;inscription automatique qui vous permet de vous inscrire ou de confirmer votre participation aux activit\u00e9s propos\u00e9es par le comit\u00e9 de la Section.<\/td>\n<\/tr>\n<\/tbody>\n<\/table>\n<table border=\"0\" summary=\"\" width=\"100%\">\n<tbody>\n<tr>\n<td style=\"text-align: center; padding: 2px 2px 2px 2px;\" width=\"16%\"><a href=\"http:\/\/caftanger.aqarial.org\/?page_id=755\"><img loading=\"lazy\" decoding=\"async\" src=\"http:\/\/caftanger.aqarial.org\/images\/vote.png\" alt=\"\" width=\"60\" height=\"60\" border=\"0\" \/><\/a><\/td>\n<td style=\"text-align: left; padding: 2px 2px 2px 2px;\" width=\"80%\"><a href=\"http:\/\/caftanger.aqarial.org\/?page_id=755\"><strong>Sondage et vote<\/strong><\/a><br \/>\nSur cette page, selon le besoin, des options vous seront propos\u00e9es pour que vous puissiez \u00e9lire parmi elles celle que vous jugez convenable. Parfois aussi des sondages seront organis\u00e9s pour connaitre l\u2019avis des adh\u00e9rents vis-\u00e0-vis d\u2019un sujet d\u00e9termin\u00e9.<\/td>\n<\/tr>\n<\/tbody>\n<\/table>\n<table border=\"0\" summary=\"\" width=\"100%\">\n<tbody>\n<tr>\n<td style=\"text-align: center; padding: 2px 2px 2px 2px;\" width=\"16%\"><a href=\"http:\/\/caftanger.aqarial.org\/?page_id=336\"><img loading=\"lazy\" decoding=\"async\" src=\"http:\/\/caftanger.aqarial.org\/images\/recueil.png\" alt=\"\" width=\"60\" height=\"60\" border=\"0\" \/><\/a><\/td>\n<td style=\"text-align: left; padding: 2px 2px 2px 2px;\" width=\"80%\"><a href=\"http:\/\/caftanger.aqarial.org\/?page_id=336\"><strong>Recueil d&rsquo;activit\u00e9s<\/strong><\/a><br \/>\nCette pages constitue un recueil de toutes les activit\u00e9s entreprises par la section de Tanger du CAF. C\u2019est une sorte d\u2019archive class\u00e9e par ann\u00e9e et par trimestre pour faciliter sa consultation.<\/td>\n<\/tr>\n<\/tbody>\n<\/table>\n<table border=\"0\" summary=\"\" width=\"100%\">\n<tbody>\n<tr>\n<td style=\"text-align: center; padding: 2px 2px 2px 2px;\" width=\"16%\"><a href=\"http:\/\/caftanger.aqarial.org\/?page_id=330\"><img loading=\"lazy\" decoding=\"async\" src=\"http:\/\/caftanger.aqarial.org\/images\/kayak.png\" alt=\"\" width=\"60\" height=\"60\" border=\"0\" \/><\/a><\/td>\n<td style=\"text-align: left; padding: 2px 2px 2px 2px; valign: top;\" width=\"80%\"><a href=\"http:\/\/caftanger.aqarial.org\/?page_id=330\"><strong>Kayaks<\/strong><\/a><br \/>\nUn syst\u00e8me d&rsquo;inscription automatique est mis en place sur cette page pour faciliter et acc\u00e9l\u00e9rer la proc\u00e9dure d&rsquo;utilisation des kayaks.<\/td>\n<\/tr>\n<\/tbody>\n<\/table>\n<p>&nbsp;<\/p>\n","protected":false},"excerpt":{"rendered":"<p>L&rsquo;espace du comit\u00e9 de la section Annonces Sur cette page figurent les annonces du comit\u00e9 concernant les activit\u00e9s et les \u00e9v\u00e9nements importants. Agenda Sur cette page, vous pouvez consulter le calendrier des activit\u00e9s programm\u00e9es pour une p\u00e9riode d\u00e9termin\u00e9es avec tous les d\u00e9tails concernant chaqu\u2019une d&rsquo;elles. Vous pouvez aussi vous inscrire\u2026 <a class=\"continue-reading-link\" href=\"https:\/\/caftanger.aqarial.org\/?page_id=816\">Lire la suite<\/a><\/p>\n","protected":false},"author":66,"featured_media":0,"parent":0,"menu_order":0,"comment_status":"closed","ping_status":"closed","template":"","meta":{"_bbp_topic_count":0,"_bbp_reply_count":0,"_bbp_total_topic_count":0,"_bbp_total_reply_count":0,"_bbp_voice_count":0,"_bbp_anonymous_reply_count":0,"_bbp_topic_count_hidden":0,"_bbp_reply_count_hidden":0,"_bbp_forum_subforum_count":0,"footnotes":""},"class_list":["post-816","page","type-page","status-publish","hentry"],"_links":{"self":[{"href":"https:\/\/caftanger.aqarial.org\/index.php?rest_route=\/wp\/v2\/pages\/816","targetHints":{"allow":["GET"]}}],"collection":[{"href":"https:\/\/caftanger.aqarial.org\/index.php?rest_route=\/wp\/v2\/pages"}],"about":[{"href":"https:\/\/caftanger.aqarial.org\/index.php?rest_route=\/wp\/v2\/types\/page"}],"author":[{"embeddable":true,"href":"https:\/\/caftanger.aqarial.org\/index.php?rest_route=\/wp\/v2\/users\/66"}],"replies":[{"embeddable":true,"href":"https:\/\/caftanger.aqarial.org\/index.php?rest_route=%2Fwp%2Fv2%2Fcomments&post=816"}],"version-history":[{"count":5,"href":"https:\/\/caftanger.aqarial.org\/index.php?rest_route=\/wp\/v2\/pages\/816\/revisions"}],"predecessor-version":[{"id":5624,"href":"https:\/\/caftanger.aqarial.org\/index.php?rest_route=\/wp\/v2\/pages\/816\/revisions\/5624"}],"wp:attachment":[{"href":"https:\/\/caftanger.aqarial.org\/index.php?rest_route=%2Fwp%2Fv2%2Fmedia&parent=816"}],"curies":[{"name":"wp","href":"https:\/\/api.w.org\/{rel}","templated":true}]}}