{"id":7760,"date":"2026-01-31T23:59:25","date_gmt":"2026-01-31T22:59:25","guid":{"rendered":"https:\/\/caftanger.aqarial.org\/?page_id=7760"},"modified":"2026-04-01T11:23:22","modified_gmt":"2026-04-01T10:23:22","slug":"calculateur-de-pente","status":"publish","type":"page","link":"https:\/\/caftanger.aqarial.org\/?page_id=7760","title":{"rendered":"Calculateur de pente"},"content":{"rendered":"<p><!-- Automatically adjust an iframe's height to fit its content, especially when dealing with dynamic content.--><br \/>\n<script type=\"text\/javascript\">\nfunction resizeIframe(obj) {\n    \/\/ Optional: reset height to 0 first to ensure recalculation when content shrinks\n    obj.style.height = 0; \n    \/\/ Set the height to the content's scrollHeight (total height)\n    obj.style.height = (obj.contentWindow.document.body.scrollHeight + 100) + 'px';\n}\n<\/script><br \/>\n<!-- ==================================================================================== --><\/p>\n<div style=\"display: flex; align-items: center; background: #f0f7ff; border: 1px solid #007bff; padding: 15px; border-radius: 8px; width: 100%;\">\n  <!-- Ic\u00f4ne \u00e0 gauche --><br \/>\n  <i class=\"fa fa-info-circle\" style=\"font-size: 30px; color: #007bff; margin-right: 15px;\"><\/i><br \/>\n  <!-- Texte \u00e0 droite --><\/p>\n<div style=\"color: #333; font-family: sans-serif;\">\n    Ce calculateur de pente d\u00e9termine la pente ou l&rsquo;inclinaison d&rsquo;un terrain sp\u00e9cifique, donn\u00e9e par son \u00ab d\u00e9nivel\u00e9 \u00bb et sa \u00ab longueur \u00bb.\n  <\/div>\n<\/div>\n<p>&nbsp;<\/p>\n<p style=\"text-align:center;\">Saisissez le d\u00e9nivel\u00e9 positif cumul\u00e9 et la distance en utilisant la m\u00eame unit\u00e9 de mesure. Si la distance est en kilom\u00e8tre, convertissez la en m\u00e8tre.<\/p>\n<p><iframe src=\"https:\/\/caftanger.aqarial.org\/members\/calculators\/slope\/index.php\" width=\"100%\" id=\"myIframe\" frameborder=\"0\" scrolling=\"no\" onload=\"resizeIframe(this)\"><\/iframe><\/p>\n","protected":false},"excerpt":{"rendered":"<p>Ce calculateur de pente d\u00e9termine la pente ou l&rsquo;inclinaison d&rsquo;un terrain sp\u00e9cifique, donn\u00e9e par son \u00ab d\u00e9nivel\u00e9 \u00bb et sa \u00ab longueur \u00bb. &nbsp; Saisissez le d\u00e9nivel\u00e9 positif cumul\u00e9 et la distance en utilisant la m\u00eame unit\u00e9 de mesure. Si la distance est en kilom\u00e8tre, convertissez la en m\u00e8tre. <a class=\"continue-reading-link\" href=\"https:\/\/caftanger.aqarial.org\/?page_id=7760\">Lire la suite<\/a><\/p>\n","protected":false},"author":66,"featured_media":0,"parent":0,"menu_order":0,"comment_status":"closed","ping_status":"closed","template":"","meta":{"_bbp_topic_count":0,"_bbp_reply_count":0,"_bbp_total_topic_count":0,"_bbp_total_reply_count":0,"_bbp_voice_count":0,"_bbp_anonymous_reply_count":0,"_bbp_topic_count_hidden":0,"_bbp_reply_count_hidden":0,"_bbp_forum_subforum_count":0,"footnotes":""},"class_list":["post-7760","page","type-page","status-publish","hentry"],"_links":{"self":[{"href":"https:\/\/caftanger.aqarial.org\/index.php?rest_route=\/wp\/v2\/pages\/7760","targetHints":{"allow":["GET"]}}],"collection":[{"href":"https:\/\/caftanger.aqarial.org\/index.php?rest_route=\/wp\/v2\/pages"}],"about":[{"href":"https:\/\/caftanger.aqarial.org\/index.php?rest_route=\/wp\/v2\/types\/page"}],"author":[{"embeddable":true,"href":"https:\/\/caftanger.aqarial.org\/index.php?rest_route=\/wp\/v2\/users\/66"}],"replies":[{"embeddable":true,"href":"https:\/\/caftanger.aqarial.org\/index.php?rest_route=%2Fwp%2Fv2%2Fcomments&post=7760"}],"version-history":[{"count":14,"href":"https:\/\/caftanger.aqarial.org\/index.php?rest_route=\/wp\/v2\/pages\/7760\/revisions"}],"predecessor-version":[{"id":8002,"href":"https:\/\/caftanger.aqarial.org\/index.php?rest_route=\/wp\/v2\/pages\/7760\/revisions\/8002"}],"wp:attachment":[{"href":"https:\/\/caftanger.aqarial.org\/index.php?rest_route=%2Fwp%2Fv2%2Fmedia&parent=7760"}],"curies":[{"name":"wp","href":"https:\/\/api.w.org\/{rel}","templated":true}]}}